12269767 and 292.
73
Calculate the greatest common divisor of 1858501 and 1616.
101
Calculate the greatest common divisor of 1339489 and 375483.
2663
Calculate the greatest common divisor of 33337879 and 1886.
943
What is the greatest common factor of 2566680 and 9101640?
8760
Calculate the highest common divisor of 21213 and 468078987.
7071
Calculate the highest common factor of 16 and 1121594.
2
What is the highest common factor of 76 and 5101196?
76
Calculate the greatest common factor of 39764218 and 26.
26
Calculate the greatest common factor of 386 and 9388871.
193
What is the highest common divisor of 36801 and 27028377?
783
What is the greatest common divisor of 4805019 and 18?
9
What is the highest common divisor of 8877 and 650173?
269
What is the highest common factor of 237 and 44085?
3
What is the greatest common factor of 1161105 and 19065?
465
What is the highest common factor of 13 and 19835686?
13
What is the greatest common factor of 7626 and 324849?
93
What is the highest common factor of 122625 and 102500?
125
What is the highest common divisor of 32554 and 47314?
82
Calculate the greatest common factor of 6396 and 858936.
156
Calculate the greatest common factor of 7011 and 1821264.
57
What is the greatest common factor of 533260068 and 11616?
1452
What is the greatest common factor of 2858852 and 87532?
316
What is the greatest common factor of 16263 and 182646?
1251
What is the highest common divisor of 21 and 152092738?
7
What is the greatest common factor of 262 and 10220227?
131
What is the greatest common factor of 35 and 1752095?
5
Calculate the highest common divisor of 36478507 and 442.
13
Calculate the greatest common factor of 1532084 and 8664.
1444
What is the highest common factor of 10016506 and 9718?
86
What is the greatest common factor of 14 and 1171925328?
14
Calculate the highest common divisor of 78775360 and 480.
160
What is the greatest common divisor of 480 and 14122860?
60
What is the greatest common divisor of 451 and 2364538?
11
Calculate the highest common factor of 11272303 and 189.
7
What is the highest common divisor of 2536 and 233833148?
1268
What is the highest common divisor of 158565 and 11715?
165
What is the highest common divisor of 25334125 and 19375?
125
Calculate the greatest common divisor of 4578 and 68429655.
2289
Calculate the greatest common factor of 5387 and 1148977069.
5387
Calculate the greatest common factor of 34155825 and 83600.
5225
What is the greatest common divisor of 271614 and 1722?
42
What is the highest common factor of 312 and 322197616?
104
What is the greatest common divisor of 554906121 and 2541?
2541
Calculate the greatest common factor of 88900299 and 9.
9
Calculate the highest common factor of 3966 and 7445504.
1322
What is the highest common factor of 1500 and 2929790?
10
Calculate the greatest common divisor of 16 and 3155311248.
16
Calculate the highest common divisor of 166896 and 893988.
684
Calculate the highest common factor of 446873749 and 19.
19
What is the highest common divisor of 334580179 and 31?
31
What is the highest common divisor of 1710 and 6012621?
9
Calculate the greatest common divisor of 46683 and 5.
1
What is the highest common divisor of 8619 and 13090?
17
Calculate the greatest common factor of 508 and 46829599.
127
Calculate the highest common factor of 2215676374 and 76.
38
What is the highest common divisor of 46301061 and 699?
699
What is the greatest common factor of 7388740 and 20556?
2284
Calculate the highest common factor of 105498050 and 4725.
175
Calculate the greatest common factor of 366948350 and 50.
50
What is the greatest common factor of 2189 and 256732487?
2189
What is the highest common factor of 208 and 87631492?
52
Calculate the highest common factor of 22 and 1473428.
22
What is the highest common divisor of 27 and 818460?
9
Calculate the greatest common factor of 531625200 and 800.
400
Calculate the greatest common factor of 20 and 118379800.
20
What is the greatest common factor of 3138 and 7121168?
1046
Calculate the greatest common factor of 169501431 and 9592.
1199
What is the highest common divisor of 143918434 and 20174?
2882
What is the highest common divisor of 390559844 and 749?
107
Calculate the highest common factor of 25 and 74327425.
25
Calculate the greatest common divisor of 4191946 and 1034.
22
What is the greatest common factor of 6243952 and 624?
208
What is the highest common factor of 88378617 and 654?
327
Calculate the greatest common divisor of 277991 and 4077.
151
Calculate the highest common factor of 600 and 265896.
24
What is the highest common factor of 3793540 and 2052?
76
Calculate the greatest common factor of 419182 and 5146.
62
Calculate the greatest common divisor of 262 and 50782.
2
Calculate the greatest common factor of 241263572 and 76406.
3322
What is the highest common factor of 10860440 and 119560?
2440
Calculate the highest common factor of 7819192 and 1612.
124
What is the highest common factor of 1663339 and 30286?
797
Calculate the highest common divisor of 12429 and 8919.
9
What is the highest common factor of 77506569 and 21?
21
Calculate the highest common factor of 2001 and 23973981.
2001
What is the greatest common divisor of 87932 and 46932548?
4628
Calculate the highest common factor of 245216 and 5372.
316
Calculate the greatest common factor of 4283268 and 30932.
1628
Calculate the highest common factor of 737877 and 750792.
861
What is the highest common divisor of 1335675 and 5595264?
4857
Calculate the greatest common divisor of 80 and 10795728.
16
What is the highest common factor of 244343 and 3226839?
2519
What is the greatest common divisor of 10197 and 49889286?
927
What is the greatest common factor of 84196 and 1751044?
388
Calculate the greatest common divisor of 841 and 82969.
29
What is the highest common divisor of 499785 and 455169?
429
Calculate the highest common factor of 44515539 and 4122.
2061
Calculate the greatest common divisor of 48 and 6392784.
48
Calculate the greatest common factor of 32758230 and 29370.
2670
What is the greatest common divisor of 19294 and 9125185?
877
Calculate the greatest common divisor of 173999 and 3386488.
2597
Calculate the greatest common divisor of 3076452 and 132.
12
What is the highest common divisor of 4161391 and 442?
13
Calculate the greatest common factor of 787059 and 28197.
117
Calculate the greatest common divisor of 4 and 855870788.
4
Calculate the highest common divisor of 89352 and 170136.
1224
Calculate the highest common factor of 8354474 and 19.
1
What is the highest common factor of 77 and 36257354?
7
What is the highest common divisor of 71725024 and 784?
784
Calculate the highest common divisor of 436159 and 535541.
79
What is the highest common factor of 89401 and 500963?
529
Calculate the highest common factor of 2812 and 47942861.
37
What is the greatest common divisor of 240 and 502090320?
240
Calculate the greatest common factor of 24 and 875096.
8
Calculate the highest common divisor of 66042 and 3040378.
2446
Calculate the greatest common factor of 254700 and 25905.
15
Calculate the greatest common divisor of 11525009 and 2120.
53
Calculate the greatest common divisor of 7426683 and 66.
33
Calculate the highest common factor of 289512992 and 1.
1
What is the highest common divisor of 3820 and 72185?
5
Calculate the highest common divisor of 150822 and 19440.
162
What is the greatest common divisor of 363772 and 19502?
398
Calculate the greatest common divisor of 33235214 and 21393.
2377
Calculate the highest common divisor of 66881211 and 28974.
1317
Calculate the greatest common divisor of 870 and 133860.
30
Calculate the greatest common factor of 3056 and 411680.
16
What is the greatest common factor of 138418 and 127456?
14
Calculate the highest common factor of 7147 and 138565.
7
What is the highest common divisor of 318696 and 2429244?
3252
What is the highest common factor of 6802758 and 106338?
2874
What is the greatest common factor of 16464591 and 2562417?
14157
What is the highest common factor of 23668 and 407788?
388
What is the highest common factor of 1666044 and 19782?
18
Calculate the highest common divisor of 1840347988 and 136.
68
Calculate the greatest co